 - 234*w**2 + 998*w - 17939. What is j(230)?
1
Let b(y) = y**3 - 23*y**2 - 10*y - 69. Calculate b(24).
267
Let f(w) = 3*w**2 - 3519*w + 10523. What is f(3)?
-7
Let d(n) = -n**3 - 10*n**2 - 36*n - 174. Calculate d(-6).
-102
Let x(n) = -n**2 + 137*n - 1595. What is x(124)?
17
Let m(p) = -2*p**3 + 52*p**2 + 171*p + 84. What is m(29)?
-3
Let d(a) = -a**3 + 7*a**2 + 22*a - 8. Determine d(9).
28
Let j(h) = -2399*h + 43179. What is j(18)?
-3
Let u(q) = 13*q - 374. Give u(43).
185
Let r(c) = -89*c + 530. What is r(1)?
441
Let y(m) = -11557*m + 46219. Calculate y(4).
-9
Let x(n) = 181*n + 1149. What is x(-6)?
63
Let j(n) = -n**2 + 24*n - 12. Give j(28).
-124
Let u(p) = -17*p + 745. Calculate u(46).
-37
Let t(v) = -v**3 - 5*v**2 + 16*v + 61. Give t(-4).
-19
Let c(x) = -4*x**3 - 4*x**2 - 2*x + 1. Calculate c(-1).
3
Let y(u) = -u**2 + 82*u - 520. Calculate y(75).
5
Let l(x) = -2*x**2 - 18*x + 12. Give l(-7).
40
Let x(f) = f**3 - 52*f**2 - 3678*f - 169. Give x(92).
15
Let j(r) = -391*r - 401. Calculate j(-1).
-10
Let s(q) = 2221*q + 22238. Determine s(-10).
28
Let x(u) = 3*u**3 - 27*u**2 + 136*u + 17. Give x(5).
397
Let q(v) = -2*v**3 - 10*v**2 + 150*v + 765. Calculate q(-5).
15
Let v(g) = 3*g**2 - 24*g - 1. Calculate v(9).
26
Let s(m) = -m**3 + 11*m**2 + 32*m - 37. Give s(14).
-177
Let p(b) = 2*b**3 + 34*b**2 + 32*b + 20. Determine p(-16).
20
Let x(w) = -25*w - 2609. Calculate x(-104).
-9
Let p(d) = 3*d**2 - 178*d - 32. Calculate p(59).
-91
Let f(u) = 309*u**3 - 14*u**2 - 12*u + 1. What is f(-1)?
-310
Let k(m) = -m**2 + 27*m - 207. Determine k(10).
-37
Let a(o) = 21*o**2 - 132*o + 13. Give a(6).
-23
Let w(m) = 92*m - 7556. Calculate w(82).
-12
Let x(a) = 7*a**2 - 20*a - 111. Give x(-6).
261
Let n(i) = -i**3 + 12*i**2 + 50*i - 75. Give n(14).
233
Let b(g) = 12*g + 429. Give b(0).
429
Let z(a) = -85*a - 206. What is z(-8)?
474
Let p(i) = 2*i**3 - 188*i**2 + 374*i. Give p(2).
12
Let q(l) = l**3 + 14*l**2 - 121*l - 1392. What is q(-8)?
-40
Let p(s) = 2*s**3 + 2*s**2 - s - 25. What is p(0)?
-25
Let g(q) = -7*q**2 - 150*q - 107. Give g(-20).
93
Let b(h) = -h**2 - 3*h + 127. What is b(-20)?
-213
Let r(h) = 813*h**2 + 19512*h + 7. Calculate r(-24).
7
Let d(i) = -i**3 - 20*i**2 + 17*i - 26. Give d(-20).
-366
Let x(n) = -14*n**2 - 77*n + 18. Calculate x(-12).
-1074
Let q(d) = 30*d - 2028. What is q(67)?
-18
Let u(p) = -1134*p - 6887. Determine u(-6).
-83
Let t(h) = 777*h - 87035. Determine t(112).
-11
Let t(l) = 5*l**2 + 142*l - 351. Give t(-31).
52
Let o(u) = -2006*u - 18019. What is o(-9)?
35
Let l(w) = -2*w**2 - 4*w + 5. Give l(1).
-1
Let a(g) = g**3 + 28*g**2 + 56*g + 119. Determine a(-26).
15
Let b(o) = -162*o + 142. What is b(7)?
-992
Let n(b) = -22*b - 47. What is n(4)?
-135
Let a(g) = g**3 - 7*g**2 + g. Give a(7).
7
Let l(v) = -53*v + 78. Calculate l(5).
-187
Let o(i) = -i**2 + 103*i - 683. What is o(7)?
-11
Let u(x) = -255*x - 751. Give u(-3).
14
Let b(h) = -62*h - 1477. Determine b(-24).
11
Let q(b) = 490*b + 29890. What is q(-61)?
0
Let q(a) = -32*a - 722. Calculate q(-21).
-50
Let g(j) = 20*j**2 + 65*j + 62. Determine g(-4).
122
Let w(x) = -x**3 - 29*x**2 - 192*x + 15. What is w(-10)?
35
Let m(n) = -26*n - 86. What is m(12)?
-398
Let j(w) = 580*w + 17978. Determine j(-31).
-2
Let k(n) = 8*n**2 - 18*n + 63. What is k(5)?
173
Let k(q) = -2*q**3 - 3*q**2 + 17*q + 2. Determine k(4).
-106
Let r(i) = -i**2 - 29*i - 182. Calculate r(-10).
8
Let s(y) = -555*y + 190914. Give s(344).
-6
Let r(w) = -131*w + 2887. Determine r(23).
-126
Let i(p) = -3*p**3 - 136*p**2 - 44*p + 106. Determine i(-45).
61
Let i(o) = 2*o**2 - 130*o + 1358. Calculate i(13).
6
Let p(w) = -7*w**3 - 10*w**2 - 25*w + 8. Give p(-4).
396
Let c(a) = -a**3 - 19*a**2 + 17*a + 110. Calculate c(-19).
-213
Let l(g) = 5*g**3 - 18*g**2 - 19*g - 73. Give l(5).
7
Let s(m) = 115*m + 292. Calculate s(-2).
62
Let a(f) = f**2 + 100*f + 2365. Give a(-38).
9
Let q(d) = -d - 83. Determine q(-32).
-51
Let m(d) = d**3 + 33*d**2 + 39*d + 221. Give m(-32).
-3
Let g(q) = 3*q**2 - 15*q - 210. Determine g(0).
-210
Let k(x) = 8*x**2 + 44*x + 89. What is k(-2)?
33
Let f(q) = q**2 - 7*q - 256. Give f(21).
38
Let o(y) = y**3 - 2*y**2 - 386*y + 1505. Calculate o(4).
-7
Let p(z) = 7*z**2 + 192*z + 140. What is p(-27)?
59
Let u(x) = -2*x**3 - 20*x**2 - 9*x + 79. Give u(-9).
-2
Let u(f) = 228*f + 454. Give u(-2).
-2
Let d(l) = 34*l - 154. Give d(-3).
-256
Let c(a) = -a**3 + 11*a**2 - 36*a + 86. What is c(8)?
-10
Let o(r) = -7*r**3 - 11*r**2 - 9*r + 49. Give o(3).
-266
Let z(n) = -2358*n - 14156. What is z(-6)?
-8
Let a(z) = -z**2 - 181*z + 379. Calculate a(2).
13
Let l(u) = -13*u**3 + 22*u**2 - 104*u + 214. Calculate l(2).
-10
Let p(c) = c**3 - 31*c**2 - 79*c + 3977. Determine p(29).
4
Let w(i) = -89*i + 1464. Give w(17).
-49
Let p(q) = 5*q**2 + 121*q + 20. Give p(-24).
-4
Let b(h) = -2*h**2 - 14*h - 8. Give b(-4).
16
Let j(p) = -223*p + 2001. What is j(9)?
-6
Let u(v) = 89*v + 2465. Determine u(-28).
-27
Let k(f) = 2*f**3 - 66*f**2 + 239*f - 179. Determine k(29).
24
Let i(o) = o**3 - 12*o**2 - 89*o - 25. Give i(18).
317
Let p(m) = -5*m**2 - 178*m - 180. Determine p(-1).
-7
Let p(i) = -11*i**2 + 51*i + 36. What is p(5)?
16
Let a(k) = -165*k + 15696. What is a(95)?
21
Let h(z) = 2878*z + 11393. Give h(-4).
-119
Let x(h) = -5*h**2 + 60*h + 1622. What is x(-13)?
-3
Let i(t) = -54*t + 421. Determine i(7).
43
Let y(h) = -102*h - 606. Determine y(-6).
6
Let a(q) = -13*q**2 + 4*q + 4. Calculate a(-2).
-56
Let z(f) = -4*f**2 - 202*f - 1134. Calculate z(-43).
156
Let u(d) = -18*d**3 - 937*d**2 - 53*d - 60. Give u(-52).
-8
Let y(k) = 627*k + 1115. Calculate y(-2).
-139
Let m(v) = 5*v**3 - 71*v**2 + 11*v + 50. Give m(14).
8
Let r(m) = -90*m - 15308. Give r(-170).
-8
Let j(l) = -l**2 - 32*l - 296. Give j(-15).
-41
Let g(z) = 73*z + 194. Determine g(-2).
48
Let h(w) = 27*w - 170. Give h(6).
-8
Let c(n) = -132*n + 20863. Give c(158).
7
Let f(j) = -12*j - 180. What is f(-23)?
96
Let w(m) = 380*m**2 - 137. What is w(0)?
-137
Let w(m) = 137*m + 26. Calculate w(2).
300
Let t(z) = -z**2 - 40*z - 412. Calculate t(-23).
-21
Let a(y) = -y**3 + 27*y**2 + 29*y - 40. Give a(28).
-12
Let n(v) = v**2 - 44*v - 127. Calculate n(47).
14
Let g(l) = l**3 + 55*l**2 + 202*l + 77. Calculate g(-51).
179
Let g(v) = 1740*v + 1760. Give g(-1).
20
Let d(g) = -14*g + 323. Determine d(23).
1
Let x(n) = 25*n**2 - 9*n - 19. Determine x(-1).
15
Let h(k) = -k**3 + 19*k**2 + 16*k + 179. Give h(20).
99
Let o(w) = -28*w**2 + 248*w + 307. Give o(10).
-13
Let b(p) = 647*p - 3915. Determine b(6).
-33
Let m(z) = -z**3 - 4*z**2 + 17*z + 36. Calculate m(7).
-384
Let y(u) = u**2 - 49*u - 152. Determine y(52).
4
Let h(u) = u**3 - 4*u**2 - 31*u + 134. Give h(5).
4
Let q(a) = a**3 + 17*a**2 - 25*a - 73. Calculate q(-3).
128
Let r(h) = h**2 - 42*h + 438. What is r(23)?
1
Let q(k) = k**3 - 41*k**2 + 76*k + 82. Give q(39).
4
Let i(r) = -24*r - 97. Calculate i(-9).
119
Let f(y) = -340*y + 20061. Give f(59).
1
Let c(v) = v**3 - 60*v**2 - v + 64. Give c(60).
4
Let b(g) = 2*g**2 + 597*g + 4086. What is b(-7)?
5
Let m(f) = 281*f - 2805. What is m(10)?
5
Let h(l) = 12*l**2 - 100*l - 470. What is h(-5)?
330
Let f(u) = u**3 + 5*u**2 + 21*u - 62. What is f(2)?
8
Let v(m) = -2*m**2 + 14*m + 110. What is v(-8)?
-130
Let j(v) = -v**3 - 22*v + 129. Give j(4).
-23
Let d(h) = -40*h**2 - 5*h - 9. What is d(4)?
-669
Let g(d) = -53*d + 214. What is g(-3)?
373
Let c(v) = -2*v**3 + 82*v**2 + 5*v - 212. Determine c(41).
-7
Let h(j) = -3*j**2 + 65*j + 109. Determine h(23).
17
Let m(c) = c**3 - 4*c**2 - 213*c + 1044. Give m(5).
4
Let i(k) = 46*k**2 + 7495*k - 488. Give i(-163).
1
Let y(i) = -2*i**2 + 2*i + 16. Calculate y(2).
12
Let j(a) = -136*a - 4087. What is j(-30)?
-7
Let t(m) = -m**3 - 21*m**2 - 8*m - 4. What is t(-21)?
164
Let h(x) = x**3 + 10*x**2 + 54*x + 321. What is h(-8)?
17
Let f(z) = z**3 - 48*z**2 + 78*z + 626. Give f(46).
-18
Let c(x) = 2495*x + 284424. What is c(-114)?
-6
Let y(g) = 8*g**2 + 72*g - 74. What is y(1)?
6
Let i(f) = 125*f**3 + f**2 - 2*f + 1. Determine i(1).
125
Let v(t) = -6*t - 126. Determine v(-23).
12
Let m(r) = 3*r**3 + 25*r**2 + 26*r + 41. Calculate m(-7).
55
Let q(v) = -v**2 + 43*v + 101. What is q(42)?
143
Let z(v) = 3*v**2 - 76*v - 1625. Calculate z(38).
-181
Let x(i